7).
4
What is -11 + 2 - -9 - (2 + 2)?
-4
Evaluate -7 + 1 + -9 + 16.
1
8 - (3 - 3) - 9
-1
What is the value of (3 - -1) + -4 + (6 - 1)?
5
Evaluate 1 + 4 - -1 - 3.
3
-3 + -1 + (8 - 3)
1
(-4 + 11 - 11) + (0 - -7)
3
Calculate -5 + 5 + 4 + -4.
0
What is -3 + -3 + 5 + 7 + -9?
-3
Evaluate 2 + -6 + 3 - -3.
2
3 + (-4 - (-7 + 4))
2
What is 1 - (-1 - (5 - 11 - -3))?
-1
What is the value of 1 + 0 + -5 + -3 + 4?
-3
Calculate 4 - -1 - (5 - 0).
0
0 + -3 - 3 - -4 - -4
2
-5 + -9 + 0 + 6
-8
0 + -2 + 0 - -7
5
Evaluate (6 - 3) + -7 - -6.
2
Calculate -4 - (5 + -10) - (-1 - 1).
3
Calculate -7 - (-2 - (1 + 2)) - -4.
2
1 + 3 - (-1 + 7)
-2
What is 4 + 0 + -1 + -4?
-1
2 - (4 + -4) - (8 - 3)
-3
What is 0 + -5 - (-2 + 13 + -5)?
-11
What is the value of 4 + -11 - -5 - 1?
-3
What is the value of 8 + (5 + -3 - 3)?
7
What is the value of 8 + 1 - (9 + -1)?
1
Evaluate -3 + 4 + 5 - 4.
2
What is 1 + 2 + 6 + (-15 - -10)?
4
Calculate 2 - 2 - (-3 + 0 + 5).
-2
1 + 1 + (4 - (2 - 1))
5
Calculate 2 + 6 - 5 - 0.
3
-1 + 0 - -7 - 1
5
Calculate -5 - (2 - (18 - 6)).
5
What is the value of (5 - (5 + -1) - 2) + -1?
-2
Calculate -2 - (-9 - -4) - (-9 + 13).
-1
Evaluate -7 - (5 + -9) - (0 + -5).
2
What is the value of -4 + (0 + 6 - (-9 + 12))?
-1
(-1 - -4) + 1 + (-1 - -2)
5
Evaluate (2 - 2) + (-1 - 2) - -1.
-2
3 + (-6 - -4) - -3
4
What is the value of (6 - 2) + -2 + 1 - -2?
5
What is the value of (-1 + 9 - 1) + -3 + 1?
5
What is the value of 9 + (-6 - 2) - 9?
-8
What is the value of -1 - -1 - ((13 - 7) + -1)?
-5
Calculate 1 + 7 + (-14 - -5).
-1
Evaluate -4 + ((4 - 0) + 9 - 4).
5
What is (2 - 9 - -2) + (-1 - -11)?
5
Calculate 18 - (0 - 3 - -12).
9
What is the value of 4 - 7 - -1 - 3?
-5
(2 - (7 - -5) - -6) + 5
1
What is -2 + (6 + -1 - (-23 - -23))?
3
Calculate 1 - 1 - (-6 - (8 + -15)).
-1
Calculate 2 + -5 + (-3 - 3 - -4).
-5
What is (5 + 1 - (0 + 5)) + -3?
-2
(-17 - -16) + 6 + -2
3
What is -3 + (13 - (13 - 6) - 2)?
1
What is -2 - -5 - (5 + 5 + -7)?
0
What is -1 + (3 + 2 - -1)?
5
Evaluate -1 - ((1 - 0) + 6 + -13).
5
What is -5 + 0 + (33 - 34)?
-6
What is -10 + (-5 - (-3 - 7))?
-5
What is the value of (3 - (2 + 0)) + (0 - 3)?
-2
What is the value of -1 + (12 - 11) + 2 + -7?
-5
What is the value of -11 + 7 - -4 - (-2 + 1)?
1
Calculate -2 + (-1 - -3) + -6 + -1.
-7
Evaluate -4 - (-1 + 0) - (-9 + 1).
5
Calculate -3 - (2 - 1 - (-2 + 5)).
-1
-10 - (-1 + -4) - -8
3
What is 21 + -30 - (-4 + -3 + 2)?
-4
What is 16 + -3 - (16 + -1)?
-2
Calculate (10 - 0) + -26 + 24.
8
What is (20 - 27) + (0 - -3 - 6)?
-10
Evaluate 1 + 0 + -2 + -7.
-8
What is the value of (6 - (0 + 7)) + (5 - 1)?
3
What is 1 + (-8 - (-3 + -8))?
4
10 - 4 - (1 + 2)
3
Evaluate -2 + -2 + -20 + 23.
-1
(2 + -2 - -1) + -10 + 5
-4
-1 + (0 + 9 - (0 - -3))
5
(2 - (-2 - -5)) + -7 + 11
3
What is -2 - -3 - (-2 + 2)?
1
What is 5 - (-5 - (-5 + 0))?
5
-2 + (1 - -6) + 2
7
Evaluate 7 - (-1 + -1) - 4.
5
Evaluate -7 + 15 + -8 + (4 - 4).
0
Evaluate (1 - 5) + 5 + -6.
-5
What is (-6 - -19) + (8 - 18)?
3
What is the value of -7 - (-7 + 1 + 2 - -4)?
-7
What is 0 - (2 - 4 - -3 - 3)?
2
What is the value of (0 - -2) + (12 - 17)?
-3
Calculate (13 - 29) + (2 - -7).
-7
-6 + 1 - (0 - 3)
-2
What is 5 + -4 + 0 - (-3 - -1)?
3
Calculate -2 + 2 + 3 - (1 + -3).
5
What is -19 - -16 - (6 - 5)?
-4
What is the value of 4 + -9 + 4 + -3?
-4
Calculate 7 - (7 - (6 - 4)).
2
What is the value of 0 - ((2 - 1) + (-3 - -1))?
1
What is the value of -8 - 2 - -16 - (2 + 0)?
4
What is the value of (7 - -3) + -9 + -2?
-1
-9 + (3 - -3) - (1 - 0)
-4
(-1 - 0) + (0 - -1) + -4
-4
What is the value of 0 - (5 + 5 - 1 - 2)?
-7
What is -1 - ((-3 - 1) + 2 + -2)?
3
(43 - 51) + (3 - -10)
5
-24 - (11 + -6 + -14) - -5
-10
1 + 10 - 6 - 3
2
What is 5 - -1 - (1 + 3)?
2
What is the value of (36 - 30) + 0 + -1?
5
What is 3 - (-5 - (-15 + 1))?
-6
What is -4 + (3 - (5 + -13))?
7
Evaluate -3 - (0 + -2 + 0 + -2).
1
What is -3 - (-12 + 1) - 3?
5
Calculate 2 - (8 + 3 - (3 - -1)).
-5
-1 - -5 - (0 + -5)
9
Evaluate 1 - 5 - -6 - -1 - -3.
6
Calculate -8 + -4 + -1 + (54 - 47).
-6
What is -4 - (2 - 1 - 3)?
-2
What is the value of (14 - 25) + 8 + (-5 - -1)?
-7
0 + -2 + 1 - (4 + -8)
3
Evaluate (8 - (6 + -6)) + -13.
-5
Calculate -9 - (6 - 2) - -11.
-2
What is the value of 2 + 0 + (8 - 6)?
4
-1 + (9 + 0 - 0)
8
Calculate 7 + (-1 + 2 - (24 + -11)).
-5
(-34 - -35) + -13 + 1 + 5
-6
(-2 - 0) + (7 - (-7 + 7))
5
-1 + 15 - (39 + -32)
7
Calculate 2 + 0 + -1 + 1 + 1.
3
What is the value of 9 - (5 - 1) - 1?
4
What is the value of (-1 - -1) + 0 - (-154 - -157)?
-3
-4 - (-10 - -5 - 0)
1
(-2 - (-1 - 4)) + -3
0
What is -2 - 12 - (13 - 21)?
-6
-1 + 2 + -96 + 91
-4
What is -9 + 1 + -2 + 9?
-1
What is -4 + 6 - 4 - (-1 + 0)?
-1
Calculate -1 - (3 + -6 + -1) - 1.
2
Calculate 39 + -31 - (0 + 6).
2
Calculate -2 - (1 - (3 + 1)).
1
What is the value of 8 - (-5 - (-7 + -12))?
-6
What is the value of 4 + (-13 - -2) + 3?
-4
Evaluate (134 - 134) + (0 - (1 - 0)).
-1
Calculate 9 + (6 - (2 - 1)) + -11.
3
What is the value of 5 - 9 - 1 - -5?
0
Calculate 3 + 1 + -3 + -2.
-1
Calculate 1 + 0 + 0 - 6.
-5
What is the value of 7 - (12 - 5) - (1 + -6)?
5
What is 2 + 6 - (-4 - (6 - 14))?
4
What is the value of 2 + -9 + 6 + 4?
3
What is (-3 - ((1 - 6) + 2)) + 2?
2
What is the value of 3 + (7 - 21) + (3 - -1)?
-7
What is 2 - 2 - 1 - 4?
-5
What is the value of 14 + (-13 - (3 - 8))?
6
What is 2 + 1 + (1 - 1) + -4?
-1
Calculate (-4 - -9) + -15 + 11.
1
Calculate 1 + (6 - 8) - (2 + 0).
-3
What is the value of -4 + 2 + 0 + 6 + -2?
2
0 - (-9 + 1) - (0 + 8)
0
Calculate -1 + (0 - 3) + 2.
-2
Calculate -10 - -15 - (8 - 0).
-3
(5 - 3 - 3) + (-4 - 0)
-5
What is (1 - (2 - -3)) + 9 + -6?
-1
-4 - (-7 + (6 - 5) + -3)
5
What is 1 + (-2 - (-3 + 3) - 4)?
-5
Calculate 1 + (4 - (3 + 2 + -3)).
3
4 + (0 - (3 + -7 - -3))
5
Calculate -7 - -3 - 4 - -12.
4
What is -3 + (27 + -25 - (-2 + -3))?
4
-1 + (-2 - (0 + -2)) + -3
-4
Calculate 4 + -1 - (11 + -2 - 9).
3
Evaluate 6 + 5 + -11 + 1.
1
5 + 5 + -6 + 4 + -4
4
What is -2 + 13 + 5 + -9?
7
Evaluate 17 - 11 - 1 - 9.
-4
What is (0 - -2) + 2 + -4?
0
What is the value of (-2 - -4) + 0 + -3?
-1
-7 + 5 + -2 + 4
0
What is the value of 2 - (1 - (-4 + 2)) - 1?
-2
Calculate -13 - (-5 + -7 - 2).
1
2 + -1 - 0 - 1 - 0
0
Calculate 3 + (5 - 8) + 3.
3
Calculate (3 - 4 - -4) + -2.
1
What is the value of -2 - (-6 - (-4 + 3))?
3
What is the value of -6 - (-6 - (-1 + -3))?
-4
(-3 - 7) + (5 - -3)
-2
What is -7 - (-7 + (1 - -8)) - -6?
-3
What is the value of -95 - -91 - (-2 + 1 + -3)?
0
Evaluate -7 + (-4 + (4 - 6) - -5).
-8
Calculate (2 - 5 - 1) + -5 + 1.
-8
Evaluate -5 - -11 - (3 + 4) - 5.
-6
What is the value of -4 + 12 + -1 + -4?
3
Evaluate -12 + 0 + 5 - (-3 - -1).
-5
Calculate -10 + 4 + (7 - (0 - -2)).
-1
What is -8 + 8 + -7 + (2 - -2)?
-3
(-11 - -9) + 12 + -2
8
What is the value of 3 - (-4 - (-4 + 0))?
3
What is the value of (3 + -1 - (11 - 2)) + 3?
-4
Calculate -8 + (11 - 7) + 5.
1
Evaluate 2 + -8 - (-40 + 32).
2
(24 - 52 - -25) + (-1 - -3)
-1
5 + (5 - 3) + -3
4
Evaluate -7 + (-1 - (-6 + (3 - 0))).
-5
68 + -71 - (0 - 0 - 8)
5
(-3 - -9) + (-7 - -3 - -2)
4
What is 1 - (-7 + 1) - 18 - -1?
-10
What is (-2 - 2) + -2 + (-4 - -4)?
-6
What is the value of (124 - 119) + (-4 - 0)?
1
Calculate 4 - (5 - (0 + 0) - 1).
0
-7 - -2 - (3 + -4)
-4
-4 - (-1 + -5 + 2)
0
Evaluate -5 - (1 + (1 + -2 - 2)).
-3
-85 - -105 - (11 - 1)
10
Evaluate 2 - -8 - (44 + -44).
10
What is -3 - ((-8 - -11) + -13)?
7
Calculate 0 - 4 - (16 + -22) - 4.
-2
Evaluate -12 + 7 - 1 - (-5 + 2).
-3
What is 7 + 3 + -11 + 0?
-1
Calculate -1 + 1 - 19 - -10.
-9
-2 + (0 + 5 - 2) - 5
-4
What is -11 - (4 - 0 - 10)?
-5
-558 + 558 + 0 + 0 + 0
0
Evaluate (3 - (4 - 5)) + 0.
4
What is the value of 9 + (3 - 13) + 6 + 2?
7
Evaluate 0 - (2 + -2 + (-2 - 3)).
5
What is the value of 6 - (-1 + -5 - (-20 + 13))?
5
What is (6 - 8) + -1 + 1?
-2
Evaluate -2 - (-2 - 0) - -4.
4
3 + 2 + -5 - (13 + -7)
-6
6 + (6 - (8 + 6))
-2
Calculate (5 - 13) + 4 + 3.
-1
Calculate 1 + -4 + 3 + -5 - 0.
-5
Calculate (12 - 8) + 3 + 1 + -6.
2
Evaluate -7 - (13 + -7) - (-3 - 3).
-7
What is the value of 10 + (-8 - (12 + -16))?
6
What is the value of -8 + 8 - (-1 - (-2 - 4))?
-5
What is (-1 + -2 - (5 + -2)) + 1?
-5
What is 1 + 2 + 1 - 1?
3
What is 7 + -1 - (4 - (6 + -11))?
-3
-1 - (7 - (-1 + 5)) - 0
-4
What is -4 - (3 - 13 - -4)?
2
(4 + -5 - -6) + 4 - 6
3
What is 12